e
Is 6 a factor of 420?
True
Does 22 divide 130197?
False
Is 13 a factor of 8749?
True
Is 60 a factor of 100781?
False
Does 81 divide 8458?
False
Is 1545 a multiple of 13?
False
Is 7 a multiple of 5?
False
Is 2128 a multiple of 112?
True
Is 26 a factor of 55380?
True
Is 56 a factor of 417?
False
Is 2552 a multiple of 4?
True
Is 2950 a multiple of 50?
True
Is 450 a multiple of 9?
True
Is 470 a multiple of 10?
True
Is 31 a factor of 341?
True
Does 154 divide 2122?
False
Is 8294 a multiple of 26?
True
Is 12430 a multiple of 110?
True
Is 748 a multiple of 17?
True
Is 194 a factor of 31622?
True
Is 445 a multiple of 17?
False
Is 48 a factor of 14999?
False
Is 313 even?
False
Is 8 a factor of 207?
False
Is 73 a factor of 6935?
True
Is 1043 a multiple of 11?
False
Is 21 a multiple of 8?
False
Is 3 a factor of 1719?
True
Is 27 a factor of 1308?
False
Is 35 a factor of 7047?
False
Is 46 a multiple of 46?
True
Is 12 a factor of 1409?
False
Is 663 a multiple of 39?
True
Is 29 a factor of 1504?
False
Is 746 a multiple of 14?
False
Does 114 divide 7296?
True
Does 15 divide 23541?
False
Does 79 divide 100?
False
Is 23 a factor of 615?
False
Is 6128 a multiple of 52?
False
Is 2 a factor of 1461?
False
Is 169 a multiple of 3?
False
Is 22 a factor of 5918?
True
Is 252 a multiple of 28?
True
Is 738 a multiple of 5?
False
Is 1040 a multiple of 52?
True
Is 91 a factor of 819?
True
Is 75 a factor of 1200?
True
Is 4167 a multiple of 9?
True
Is 43 a factor of 81506?
False
Is 46518 a multiple of 21?
False
Is 2952 a multiple of 41?
True
Is 76 a factor of 3227?
False
Does 7 divide 1167?
False
Is 49 a factor of 3773?
True
Is 1187 a multiple of 71?
False
Is 4975 a multiple of 9?
False
Does 25 divide 7500?
True
Is 776 a multiple of 17?
False
Is 81 a multiple of 14?
False
Is 830 a multiple of 49?
False
Does 32 divide 10656?
True
Is 3099 a multiple of 113?
False
Is 18 a factor of 564?
False
Is 245 a multiple of 49?
True
Is 13 a factor of 96?
False
Is 505 a multiple of 4?
False
Is 810 a multiple of 45?
True
Is 138 a factor of 4278?
True
Is 61 a factor of 4026?
True
Does 155 divide 1319?
False
Is 2175 a multiple of 25?
True
Is 6 a factor of 30?
True
Is 20 a factor of 2343?
False
Is 25456 a multiple of 43?
True
Is 184 a multiple of 4?
True
Does 79 divide 35234?
True
Is 30 a factor of 1650?
True
Is 2380 a multiple of 4?
True
Is 5388 a multiple of 12?
True
Is 3842 a multiple of 34?
True
Is 252 a multiple of 2?
True
Is 83 a factor of 2133?
False
Is 54 a factor of 24750?
False
Is 3 a factor of 367?
False
Is 5 a factor of 1550?
True
Is 38 a factor of 1216?
True
Does 21 divide 4882?
False
Is 3 a factor of 117?
True
Does 49 divide 2206?
False
Is 50296 a multiple of 8?
True
Is 49 a factor of 33456?
False
Is 5 a factor of 774?
False
Is 20220 a multiple of 30?
True
Does 7 divide 5655?
False
Is 5 a factor of 1842?
False
Is 6205 a multiple of 3?
False
Is 24 a factor of 1274?
False
Is 6 a factor of 1171?
False
Is 4 a factor of 2445?
False
Does 14 divide 476?
True
Is 243 a multiple of 12?
False
Is 71874 a multiple of 77?
False
Is 78 a factor of 56160?
True
Is 107 a factor of 5756?
False
Is 1665 a multiple of 111?
True
Is 79 a factor of 7877?
False
Does 42 divide 1848?
True
Does 94 divide 5390?
False
Is 145 a factor of 23781?
False
Is 31040 a multiple of 97?
True
Is 21 a factor of 9000?
False
Does 15 divide 1515?
True
Is 44 a factor of 29750?
False
Is 43 a factor of 60845?
True
Is 34 a factor of 6524?
False
Does 9 divide 4509?
True
Is 224 a multiple of 5?
False
Is 672 a multiple of 14?
True
Is 36156 a multiple of 23?
True
Is 15 a factor of 7983?
False
Is 36 a factor of 4320?
True
Is 150 a factor of 36750?
True
Is 9 a factor of 4095?
True
Is 2 a factor of 850?
True
Is 692 a multiple of 28?
False
Is 19 a factor of 939?
False
Does 193 divide 2200?
False
Is 4335 a multiple of 17?
True
Is 93 a factor of 5590?
False
Is 8157 a multiple of 25?
False
Does 13 divide 2210?
True
Is 5246 a multiple of 43?
True
Is 6 a factor of 1011?
False
Is 4 a factor of 2029?
False
Is 11 a factor of 478?
False
Does 42 divide 3234?
True
Is 90 a factor of 6620?
False
Does 7 divide 2366?
True
Is 90 a factor of 3187?
False
Is 168 a multiple of 28?
True
Is 29029 a multiple of 203?
True
Is 1215 a multiple of 5?
True
Is 6 a factor of 1110?
True
Is 3444 a multiple of 9?
False
Is 8 a factor of 1416?
True
Does 7 divide 14?
True
Is 17232 a multiple of 8?
True
Is 10214 a multiple of 6?
False
Is 5502 a multiple of 7?
True
Is 30 a factor of 3300?
True
Is 90 a factor of 16397?
False
Is 21404 a multiple of 4?
True
Is 160 a multiple of 32?
True
Is 66476 a multiple of 21?
False
Is 10 a factor of 8139?
False
Is 28 a factor of 140?
True
Is 81 a multiple of 77?
False
Does 13 divide 3406?
True
Is 319 a factor of 2547?
False
Does 8 divide 3055?
False
Does 2 divide 205?
False
Is 39 a multiple of 4?
False
Is 262 a multiple of 45?
False
Is 14766 a multiple of 46?
True
Is 41212 a multiple of 222?
False
Does 6 divide 2256?
True
Is 14 a factor of 266?
True
Is 17606 a multiple of 114?
False
Does 107 divide 2316?
False
Is 109 a factor of 186?
False
Is 14 a factor of 1708?
True
Is 5 a factor of 20702?
False
Does 46 divide 257?
False
Is 60 a factor of 809?
False
Is 22 a factor of 2696?
False
Is 14764 a multiple of 44?
False
Does 102 divide 83281?
False
Does 14 divide 3318?
True
Does 298 divide 11189?
False
Is 18 a factor of 288?
True
Is 28 a factor of 14952?
True
Is 402 a multiple of 13?
False
Is 7 a factor of 525?
True
Is 397 a multiple of 24?
False
Is 2145 a multiple of 42?
False
Is 48 a factor of 18192?
True
Is 63 a multiple of 7?
True
Is 11 a factor of 3588?
False
Is 6 a factor of 9150?
True
Does 104 divide 4860?
False
Is 1026 a multiple of 11?
False
Is 1422 a multiple of 9?
True
Is 13 a factor of 9022?
True
Does 78 divide 780?
True
Is 49 a factor of 10419?
False
Is 73 a factor of 1095?
True
Does 317 divide 34870?
True
Is 13 a factor of 351?
True
Is 546 a multiple of 24?
False
Is 31 a factor of 133?
False
Is 4 a factor of 1946?
False
Does 17 divide 19142?
True
Is 1582 a multiple of 14?
True
Does 4 divide 427?
False
Is 638 a multiple of 11?
True
Does 191 divide 20324?
False
Is 66 a factor of 33986?
False
Is 1859 a multiple of 11?
True
Is 2 a factor of 26?
True
Is 3201 a multiple of 14?
False
Does 12 divide 252?
True
Does 40 divide 14720?
True
Is 6935 a multiple of 73?
True
Is 31 a factor of 744?
True
Is 2 a factor of 1281?
False
Does 10 divide 22590?
True
Is 25 a factor of 1450?
True
Does 13 divide 25831?
True
Is 11 a factor of 7210?
False
Is 12 a factor of 18416?
False
Is 392 a multiple of 32?
False
Does 24 divide 10112?
False
Does 7 divide 4725?
True
Is 14092 a multiple of 43?
False
Does 18 divide 15169?
False
Does 10 divide 360?
True
Is 84 a factor of 1547?
False
Is 213 a factor of 33566?
False
Is 78 a factor of 48085?
False
Is 266 a multiple of 14?
True
Is 9066 a multiple of 9?
False
Is 1826 a multiple of 84?
False
Is 17 a factor of 7591?
False
Does 71 divide 923?
True
Is 127 a factor of 26426?
False
Does 13 divide 1437?
False
Does 35 divide 56415?
False
Does 34 divide 32606?
True
Is 4277 a multiple of 13?
True
Is 23 a factor of 4042?
False
Is 938 a multiple of 7?
True
Is 6 a factor of 236?
False
Is 1948 a multiple of 28?
False
Is 13 a factor of 1918?
False
Is 59 a factor of 915?
False
Is 23 a factor of 5277?
False
Does 13 divide 1170?
True
Is 49 a factor of 3822?
True
Is 1118 a multiple of 59?
False
Is 33 a factor of 15106?
False
Is 5558 a multiple of 14?
True
Is 42 a factor of 252?
True
Is 33 a factor of 10875?
False
Is 10 a factor of 120?
True
Does 13 divide 1265?
False
Does 19 divide 2508?
True
Is 91 even?
False
Is 32 a factor of 34464?
True
Does 26 divide 11648?
True
Does 7 divide 168?
True
Is 69 a factor of 29118?
True
Is 37 a factor of 703?
True
Is 4711 a multiple of 167?
False
Is 119 a factor of 24157?
True
Is 11 a factor of 913?
True
Does 4 divide 804?
True
Is 679 a multiple of 13?
False
Does 38 divide 1254?
True
Does 15 divide 6990?
True
Is 1309 a multiple of 17?
True
Is 11 a factor of 176?
True
Does 34 divide 2266?
False
Does 11 divide 3138?
False
Is 37454 a multiple of 181?
False
Is 105 a multiple of 32?
False
Is 10 a factor of 89750?
True
Does 293 divide 117786?
True
Does 6 divide 468?
True
Does 5 divide 687?
False
Is 20 a fac